- 5*v**2 - 5*v + 2. What are the prime factors of d(l)?
2, 3
Let t = 39 - -37. What are the prime factors of t?
2, 19
Suppose -p + 6*p = 235. List the prime factors of p.
47
Let b be 2 + -1 + 0 + 6. Suppose -23 - b = -5*s. Suppose -5*p + 39 = -s. List the prime factors of p.
3
Let p(f) = -f**3 + 12*f**2 - 18*f + 5. What are the prime factors of p(5)?
2, 3, 5
Suppose 4*t = 3*z - 68, -3*z + 6*z = -4*t + 52. Suppose 0 = 7*l - 3*l - z. List the prime factors of 27/l - 6/(-10).
2, 3
Suppose 0 - 10 = 5*b. What are the prime factors of 8*(-2 - (b - 2))?
2
Suppose 0 = -l - 4, -4*j - 2*l + 12 = j. Let g = 28 + -18. Suppose -j = o - g. List the prime factors of o.
2, 3
Let s(u) = u**3 - 2*u**2 - u + 2. Let f be s(3). Suppose 0 = 5*c + f - 118. What are the prime factors of c?
2, 11
Let p(d) = -3*d + 1. Let g(f) = f + 1. Let o(c) = 2*g(c) + p(c). Let m be o(0). Let x = m + -1. What are the prime factors of x?
2
Let r(p) be the third derivative of p**6/90 - p**5/120 - p**4/24 + 2*p**2. Let l(j) be the second derivative of r(j). What are the prime factors of l(1)?
7
Let z be 23 + (-4)/(-4)*-3. Suppose 0*u = -u + 4*w + 25, 0 = -2*u - 2*w + z. List the prime factors of u.
13
Let s(v) be the second derivative of v**4/12 + 4*v**3/3 + 5*v**2 + v. Let k be (2 - 1)*(-12 - -5). What are the prime factors of s(k)?
3
Let y(x) = 51*x**3 + 7*x**2 - 8*x - 8. Let c(w) = w**2 - w - 1. Let d(l) = 6*c(l) - y(l). What are the prime factors of d(-1)?
2, 5
Suppose -5*w + 3*h = h - 167, 4*h - 86 = -2*w. What are the prime factors of (-12)/(-48) + w/4?
3
Let r be 21/(-28) - 782/(-8). Let n = r + -57. List the prime factors of n.
2, 5
Suppose 32 = -5*h + 7. Let s(g) = 2*g + 5. Let r be s(-7). Let j = h - r. What are the prime factors of j?
2
Let p = -4 - -8. Let a(t) = t**3 - 5*t**2 + 6*t - 4. Let g be a(p). Suppose 5*l + 3*n = g*l + 11, 0 = 3*l - 5*n + 9. List the prime factors of l.
2
Let g(x) be the first derivative of -x**4/4 - x**3 + x**2 + 5*x - 3. Suppose -16 = 2*a + 2*a. What are the prime factors of g(a)?
13
Let q(a) = -36*a - 1. List the prime factors of q(-1).
5, 7
Let l = 0 + 23. What are the prime factors of l?
23
Suppose -2*w + 4 = d - 34, 0 = -3*d - 2*w + 122. What are the prime factors of d?
2, 3, 7
Suppose 4*c + c = 10. Suppose 2*x = -c*j + 26, 3*j + 0*j - 37 = -5*x. What are the prime factors of j?
2, 7
What are the prime factors of 8/12 - 784/(-12)?
2, 3, 11
Let m be 10/55 + 4/(-22). Suppose m = 7*l - 10*l + 33. List the prime factors of l.
11
Let c(u) = 6*u + 33. What are the prime factors of c(20)?
3, 17
Let d be ((-1)/(-2))/(2/(-8)). What are the prime factors of d - (-13 + 0 + -3)?
2, 7
Let v = 28 + 5. List the prime factors of v.
3, 11
Let i(u) = -4*u - 2. Let r be i(-8). Suppose 4*p - 18 - r = 0. List the prime factors of p.
2, 3
Let w = 70 - 30. Suppose 0 = -5*j + w. List the prime factors of j.
2
Let o = 1 - 1. Suppose -5*y = 2*a - 27 + 70, a - 1 = o. What are the prime factors of -3*3/y + 8?
3
Let i(r) = 6*r + 2. What are the prime factors of i(20)?
2, 61
Let q be -2*(-30)/2 - -4. Let x = 8 + q. List the prime factors of x.
2, 3, 7
Let c(t) = -t**2 + 15*t - 18. List the prime factors of c(12).
2, 3
Suppose -28 = -3*f + 38. What are the prime factors of f?
2, 11
Let n(t) = -t**3 - t**2 + t + 5. Let i be n(0). Suppose -6 = m - i. List the prime factors of 8 - (-1 + m - 0).
2, 5
Suppose 0*p = 5*p + 5*y + 25, 25 = -3*p - 5*y. Suppose -v + p*v = -3. Suppose -q + 9 + v = 0. What are the prime factors of q?
2, 3
Let b = 138 + -93. List the prime factors of b.
3, 5
What are the prime factors of (-1)/(((-9)/(-276))/((-9)/6))?
2, 23
Suppose -3*d - 5 = 3*g - 20, 0 = -g + 2*d + 2. Suppose 65 = g*f + h, 5*f - 3*h = -0*f + 94. List the prime factors of f.
17
Suppose 0*l + 276 = 2*l. List the prime factors of l.
2, 3, 23
Let o = -81 - -171. What are the prime factors of o?
2, 3, 5
What are the prime factors of (66/(-8))/(18/(-96))?
2, 11
Let t(v) = -2*v - 2. What are the prime factors of t(-7)?
2, 3
Let b = 137 + -78. List the prime factors of b.
59
Let c = -9 - -14. Suppose -37 = -3*b - 4*v, c*b - 7*v - 19 = -3*v. List the prime factors of b.
7
Suppose 38 = 4*k - 22. List the prime factors of k.
3, 5
Suppose 0 = -5*l - 3*g + 8*g + 40, -2*l = -3*g - 21. Suppose -5*t + 32 = 4*m, -l*m + t = 5*t - 23. What are the prime factors of m?
13
Suppose -5*g + 2*g - 24 = -4*a, -5*a + g = -19. List the prime factors of a.
3
Suppose 4*z - 4*n + 65 = -z, -n = 2*z + 13. Let u = -2 - -4. Let x = u - z. What are the prime factors of x?
11
Let a be (12/(-7))/(1/(-7)). Suppose -x - 2 = -a. List the prime factors of x.
2, 5
Let a be 1 + -1 - (-2 - -2). Let x = 15 + a. List the prime factors of x.
3, 5
Suppose -4*k - 2*r = -14, -2*r - 10 = -4*k + 8. Suppose -k*u + 4 = -2*u. Suppose a - 33 = 5*n, 0 = -5*a - u*n + 30. List the prime factors of a.
2
Suppose 2*v - 81 = -c, -202 + 31 = -4*v + c. List the prime factors of (v/49)/((-1)/(-21)).
2, 3
Let m = 58 + -31. What are the prime factors of m?
3
Let j(s) = s**3 + 4*s**2 + 3*s. Let v be j(-3). Suppose -3*n - 2*w + 11 = 0, v*w = -2*n - w + 8. Let h = 11 + n. List the prime factors of h.
2
Suppose -74 = -z - 4*h, -3*z - h = -2*z - 77. Let u be (2/6)/(2/z). Suppose -3*q + 11 = -u. What are the prime factors of q?
2
Suppose 3*f + 0*f = 21. Let o(l) = 2*l - 9. List the prime factors of o(f).
5
Let k(z) = -z**3 - 6*z**2 - 5*z + 5. Let q be k(-5). Suppose 0 = -q*u + 23 + 42. List the prime factors of u.
13
Suppose 5*k = b + 8, 3*b - 5 = -k + 3. Suppose k*r + 5*u - 2*u = 12, u = 0. Let t = r + -3. List the prime factors of t.
3
Let n be 9/(-7) + 30/105. List the prime factors of -4*((-21)/(-12))/n.
7
Suppose 0*d = -d + 16. Let l = -6 + d. What are the prime factors of l?
2, 5
Let h = 8 + -6. Suppose -3*j - h*j = -25. What are the prime factors of j?
5
Let m(a) = -3*a + 48. What are the prime factors of m(-16)?
2, 3
Let k(x) = -x**3 + 11*x**2 - 9*x - 10. Let g be k(10). Suppose -5*w = -g*w - 15. List the prime factors of w.
3
Let s(w) = w**2 - 1. Let k be s(2). Suppose -2*r + k*r = 0. Suppose z = -5*v + 34, r*v = -v - 5*z + 26. What are the prime factors of v?
2, 3
Let r(q) = q**3 + 5*q**2 - q + 7. Suppose 5*h + 7*u - 35 = 2*u, 5*h - u - 5 = 0. Suppose 0 = -h*b + l - 15, 5*l - 20 = l. What are the prime factors of r(b)?
2, 3
Let a(d) = -d**3 - 10*d**2 + 3. Let z be a(-10). Suppose 0 = -v - z*l + 32, -6*l = 3*v - 4*l - 75. List the prime factors of v.
23
Suppose 6 + 9 = 3*s. Let n be 5/3 - (-1)/3. Let d = n + s. What are the prime factors of d?
7
Suppose -4*a - 43 + 11 = 0. Let v be (3/(-4))/(1/a). Suppose -20 = -11*f + v*f. List the prime factors of f.
2
Let c = 162 + -83. What are the prime factors of c?
79
Let b(a) = -12*a**3 + 5*a. Let p(v) be the third derivative of -5*v**6/24 + 11*v**4/24 + v**2. Let j(n) = -13*b(n) + 6*p(n). List the prime factors of j(1).
7
Let l be -2*(-2 - -1 - 2). Suppose -51 = -5*f - l. What are the prime factors of f?
3
Suppose u + 16 = 3*u. Suppose -31 = -3*v - 2*o, u = -5*v - 3*o + 58. List the prime factors of v.
7
Let n be 160/(-15) - 4/(-6). Let z be (-6)/15 - 274/n. Suppose -s + z = 2*s. List the prime factors of s.
3
Let u(f) = 23*f**2 - f + 5. What are the prime factors of u(2)?
5, 19
Let d(h) be the first derivative of -6*h - 2 + 1/2*h**2. List the prime factors of d(10).
2
Suppose -4*n + 135 = 5*g, -2*g + 38 = 3*n - 9. List the prime factors of g.
31
Let u(j) = j**2 - 2*j - 3. Let v be u(-2). Let g = v - 3. Suppose 0*y - g = -y. List the prime factors of y.
2
Suppose 0 = 6*g - 206 + 62. What are the prime factors of g?
2, 3
Let d(w) = -72 + 4*w**2 + 41*w**2 + 17. Let g(r) = 5*r**2 - 6. Let l(p) = -6*d(p) + 55*g(p). What are the prime factors of l(1)?
5
Suppose -7*j + 3*j - 5*r + 199 = 0, 2*j + 3*r - 97 = 0. Let h = j - 40. List the prime factors of h.
2
Let p = 6 + -43. Let t = -22 - p. List the prime factors of t.
3, 5
Let b(u) = u**2 + 7*u + 1. Let l be b(-6). Let f(q) = q**2 + 4*q - 6. Let x be f(l). What are the prime factors of (1 + x - 2) + 11?
3
Suppose 2*l + 202 = 4*f - 4, 5*l = -f + 35. Suppose f = 7*s - 2*s. What are the prime factors of s?
2, 5
Suppose -u + 471 = 3*g, -3*u + 9 = -0*u. List the prime factors of g.
2, 3, 13
Suppose 0 = -2*t + a + 544, 9*t - 7*t + 4*a = 534. List the prime factors 